276?
69
What is the highest common divisor of 2563 and 33?
11
What is the highest common factor of 1148 and 3608?
164
Calculate the greatest common factor of 182 and 14.
14
What is the greatest common factor of 7168 and 32?
32
What is the greatest common divisor of 115 and 75?
5
Calculate the greatest common divisor of 2360 and 90.
10
Calculate the greatest common divisor of 24 and 768.
24
What is the greatest common divisor of 10 and 2410?
10
What is the highest common factor of 310 and 25?
5
What is the greatest common divisor of 768 and 3?
3
Calculate the highest common factor of 7 and 2408.
7
Calculate the greatest common divisor of 299 and 247.
13
Calculate the greatest common divisor of 4522 and 595.
119
What is the greatest common factor of 1 and 51?
1
What is the greatest common divisor of 6 and 366?
6
What is the greatest common divisor of 364 and 1547?
91
Calculate the greatest common factor of 26 and 221.
13
Calculate the greatest common divisor of 2756 and 156.
52
What is the greatest common factor of 2064 and 12?
12
What is the greatest common divisor of 25 and 6025?
25
Calculate the highest common factor of 2176 and 128.
128
What is the highest common divisor of 2516 and 16?
4
What is the greatest common factor of 6102 and 162?
54
What is the greatest common divisor of 371 and 7?
7
Calculate the highest common factor of 360 and 204.
12
What is the highest common factor of 31161 and 564?
141
Calculate the greatest common divisor of 14 and 1834.
14
What is the highest common factor of 176 and 144?
16
Calculate the highest common factor of 38 and 1919.
19
What is the greatest common divisor of 205 and 65?
5
Calculate the greatest common divisor of 1551 and 1269.
141
Calculate the highest common divisor of 260 and 120.
20
What is the greatest common factor of 37043 and 17?
17
Calculate the greatest common divisor of 5770 and 30.
10
What is the greatest common factor of 133 and 95?
19
What is the greatest common factor of 9 and 18?
9
What is the highest common divisor of 77 and 77?
77
Calculate the highest common factor of 42 and 2373.
21
Calculate the highest common divisor of 1116 and 2697.
93
Calculate the highest common factor of 21 and 14889.
21
What is the greatest common divisor of 532 and 304?
76
Calculate the highest common divisor of 174 and 435.
87
What is the greatest common divisor of 92 and 345?
23
Calculate the greatest common divisor of 34 and 578.
34
What is the highest common factor of 67 and 91723?
67
What is the greatest common divisor of 175 and 2?
1
Calculate the highest common divisor of 1520 and 30020.
380
What is the highest common factor of 53190 and 540?
270
What is the highest common divisor of 1312 and 48?
16
Calculate the greatest common divisor of 24 and 31512.
24
Calculate the greatest common factor of 265 and 583.
53
What is the highest common factor of 3965 and 65?
65
Calculate the greatest common divisor of 49 and 931.
49
Calculate the highest common factor of 1464 and 408.
24
Calculate the highest common factor of 323 and 608.
19
Calculate the greatest common factor of 21 and 903.
21
Calculate the greatest common divisor of 69 and 92.
23
What is the highest common factor of 144 and 18?
18
What is the highest common divisor of 781 and 142?
71
Calculate the highest common divisor of 11074 and 28.
14
Calculate the highest common divisor of 150 and 114.
6
What is the highest common factor of 891 and 675?
27
Calculate the greatest common divisor of 156 and 546.
78
What is the highest common divisor of 54 and 4230?
18
What is the highest common factor of 218 and 14?
2
What is the greatest common divisor of 645 and 3?
3
Calculate the highest common divisor of 2046 and 124.
62
What is the greatest common factor of 29 and 464?
29
What is the highest common divisor of 15 and 46?
1
What is the highest common divisor of 1845 and 1435?
205
What is the highest common divisor of 210 and 945?
105
What is the greatest common divisor of 1002 and 6?
6
What is the greatest common factor of 14 and 370?
2
Calculate the highest common factor of 40 and 9984.
8
Calculate the greatest common factor of 32 and 272.
16
What is the highest common factor of 396 and 24?
12
Calculate the highest common factor of 33 and 891.
33
Calculate the greatest common divisor of 400 and 880.
80
Calculate the greatest common divisor of 8 and 30.
2
Calculate the greatest common divisor of 6013 and 7.
7
Calculate the highest common factor of 297 and 27.
27
Calculate the highest common divisor of 1600 and 576.
64
What is the highest common factor of 44 and 363?
11
Calculate the highest common divisor of 2225 and 178.
89
Calculate the greatest common divisor of 20988 and 108.
36
Calculate the highest common factor of 24 and 2868.
12
What is the greatest common divisor of 945 and 1995?
105
What is the highest common factor of 462 and 858?
66
What is the highest common divisor of 510 and 1122?
102
Calculate the greatest common divisor of 23 and 299.
23
Calculate the greatest common factor of 34 and 357.
17
Calculate the greatest common factor of 1508 and 145.
29
What is the highest common factor of 33 and 27797?
11
Calculate the greatest common divisor of 54 and 2466.
18
What is the highest common divisor of 24 and 450?
6
Calculate the highest common divisor of 868 and 1364.
124
What is the greatest common divisor of 297 and 165?
33
What is the highest common divisor of 12 and 49188?
12
Calculate the greatest common factor of 16907 and 58.
29
Calculate the highest common factor of 12 and 20316.
12
Calculate the greatest common factor of 308 and 21.
7
What is the highest common factor of 30 and 130?
10
Calculate the highest common divisor of 99 and 858.
33
Calculate the highest common divisor of 198 and 36.
18
What is the highest common factor of 285 and 525?
15
Calculate the greatest common factor of 456 and 12.
12
Calculate the greatest common factor of 1849 and 43.
43
What is the greatest common factor of 296 and 1110?
74
What is the greatest common divisor of 23 and 69?
23
Calculate the greatest common divisor of 112 and 70.
14
What is the greatest common divisor of 141 and 1739?
47
Calculate the highest common divisor of 77 and 2651.
11
What is the highest common divisor of 3 and 19?
1
What is the highest common divisor of 134 and 335?
67
Calculate the highest common divisor of 42 and 238.
14
What is the greatest common divisor of 2 and 6824?
2
What is the highest common divisor of 3766 and 28?
14
What is the greatest common divisor of 1173 and 408?
51
Calculate the highest common divisor of 33620 and 40.
20
What is the highest common factor of 120 and 192?
24
What is the highest common divisor of 3192 and 3344?
152
What is the greatest common factor of 1701 and 63?
63
What is the greatest common divisor of 1371 and 6?
3
What is the highest common factor of 120 and 18840?
120
What is the greatest common divisor of 10 and 390?
10
Calculate the highest common divisor of 89 and 8633.
89
Calculate the greatest common factor of 115 and 1633.
23
Calculate the greatest common divisor of 483 and 7176.
69
Calculate the highest common divisor of 1122 and 34.
34
What is the highest common divisor of 8 and 3932?
4
What is the greatest common divisor of 196 and 30674?
98
Calculate the greatest common factor of 17 and 2567.
17
What is the highest common factor of 36 and 972?
36
What is the highest common factor of 1265 and 165?
55
What is the greatest common divisor of 1376 and 160?
32
Calculate the highest common factor of 100 and 100.
100
Calculate the greatest common divisor of 24 and 552.
24
What is the greatest common factor of 33 and 1111?
11
What is the greatest common factor of 745 and 10?
5
Calculate the greatest common factor of 95 and 57.
19
Calculate the greatest common factor of 23 and 1081.
23
Calculate the greatest common factor of 13 and 91.
13
What is the greatest common divisor of 39 and 39?
39
What is the greatest common divisor of 77 and 143?
11
What is the greatest common factor of 91 and 169?
13
What is the highest common divisor of 50 and 9190?
10
What is the highest common divisor of 123062 and 74?
74
What is the highest common divisor of 15 and 465?
15
Calculate the greatest common factor of 62 and 4.
2
Calculate the greatest comm